693 and z?
63
Let g = 468 - 252. Calculate the greatest common divisor of 24 and g.
24
Suppose -19*n = 29*n - 1584. What is the greatest common divisor of n and 264?
33
Let g(w) = w**3 + 12*w**2 - w + 8. Let x be g(-12). Calculate the greatest common divisor of x and 40.
20
Let m be ((-2)/(-2) + 2)/(9/(-6)). Suppose -36 - 3 = 4*s + 3*j, 4 = -4*j. Let r be s*5/(15/m). What is the highest common divisor of 4 and r?
2
Suppose 5*v + 3*w = 323, -46 + 44 = -2*w. Calculate the greatest common factor of v and 36.
4
Suppose -4*b + 18 = -2. Suppose 0*z + b*j + 40 = 2*z, -4*z + 110 = 5*j. Let p be z + 3 + 4/(-1). Calculate the highest common divisor of 264 and p.
24
Let c be (-1)/3 - 325/(-3). Let w(i) = -i**2 + 6*i - 11. Let j be w(5). Let k be (j/9)/((-3)/54). What is the highest common divisor of c and k?
12
Let p(q) = -2*q**3 + 2*q + 2. Let x be p(-1). Calculate the greatest common divisor of x and 96.
2
Let z be (-273)/(-13)*6/2. Calculate the highest common divisor of 14 and z.
7
Suppose -5*q + 2*o - 10 = 0, q + o - 2*o = -2. Let k be 528/(-11)*q/4. Calculate the highest common divisor of k and 12.
12
Let d(i) = -160*i + 9. Let o be d(-1). Suppose -7*t + 2*t + 65 = 0. What is the greatest common divisor of t and o?
13
Suppose 382 = c + 4*k, -5*c + 3*k + 1220 + 667 = 0. Calculate the highest common factor of c and 54.
54
Let z(i) = i**3 + 22*i**2 - 75*i + 2. Let m be z(-25). Let c(h) = h**3 + 3*h**2 - 2*h - 4. Let b be c(-3). Calculate the highest common divisor of b and m.
2
Suppose -2*n - 3*n - 75 = 0. Let k be (-20)/3*27/n. Calculate the highest common factor of k and 6.
6
Suppose b + 0*x - x = -175, 725 = -4*b - x. Let q be 6/(-4)*b/54. What is the highest common factor of 70 and q?
5
Let q(w) = -7*w + 107. Let a be q(11). What is the highest common factor of a and 12?
6
Let h = 302 + -292. Calculate the highest common divisor of 400 and h.
10
Let r be 42*2/(42/(-3))*-6. Let c be 158/18 + 8/r. Calculate the highest common factor of 81 and c.
9
Let h(v) = v**2 - 13*v + 16. Let i be h(11). Let n be (-1 - 2)/(i/140). Let b be (-6)/(-9) - 40/(-3). Calculate the highest common divisor of b and n.
14
Suppose 0 = l - 3*l. Suppose -54 = -3*k - l*k. Let m be 362/5 - 10/25. Calculate the highest common factor of k and m.
18
Suppose -51 = 39*a - 42*a. Calculate the highest common factor of a and 1088.
17
Suppose 0 = -5*y + 4*o + 250, 3*y - 2*o = -4*o + 172. Suppose 21*n - y = 18*n. What is the highest common divisor of 12 and n?
6
Let c(o) = 73*o - 1. Let m be c(1). Let t = m - 47. Suppose 2*h - t = -4*p - 9, 46 = 4*h + p. What is the greatest common factor of 4 and h?
4
Let h(u) = -17*u + 465. Let o be h(12). What is the highest common divisor of o and 9?
9
Let b(o) = 29*o + 13. Let n be ((24/(-14))/1)/(16/(-56)). Let j be b(n). What is the greatest common divisor of 17 and j?
17
Let k be (2/6 + 1)*30. Let b = 41 - 11. Suppose b = -51*l + 54*l. Calculate the greatest common factor of k and l.
10
Let j be (-96)/(-64)*56/6. Calculate the greatest common factor of j and 10.
2
Suppose 0*q + 3*q + 12 = 0, 5*z = -5*q + 220. Let k = -142 - -158. Calculate the highest common divisor of k and z.
16
Suppose -2*q = 21*q - 1932. Calculate the greatest common divisor of 12 and q.
12
Let x = -27 + 31. Let j be 2755/35 + x/14. Let l = j - 49. Calculate the highest common factor of 150 and l.
30
Let i(u) = -u - 9. Let p(w) = -3. Let v(g) = -3*i(g) + 8*p(g). Let d be v(2). Let a be d/((-21)/8 + 3). What is the greatest common divisor of 216 and a?
24
Suppose 50*i - 9*i - 3034 = 0. What is the highest common factor of 2 and i?
2
Let y(z) = -z**3 + 13*z**2 - z + 18. Let w be y(13). Suppose 0 = -4*g + 2*s + 32, s + 10 = w*g - 27. What is the greatest common factor of g and 7?
7
Let f(s) = s**3 + 36*s**2 + 31*s - 99. Let w be f(-35). What is the greatest common factor of w and 1?
1
Let m(i) = 205*i**2 + i + 1. Let c be m(1). Let q be (-3)/2*(-46)/3. Calculate the greatest common factor of q and c.
23
Let r(b) = -2*b**3 + 18*b**2 + 2*b - 12. Let o be r(9). Suppose 1200 = 11*g - o*g. What is the highest common divisor of 15 and g?
15
Let b = 3 + -3. Let x be (b + -9)*11/(-1). Let q(s) = -s**3 + 58*s**2 + 62*s - 168. Let i be q(59). Calculate the highest common divisor of x and i.
9
Suppose 0 = -44*k + 46*k - 4. Suppose -8 = -2*q + 2*g, g - k*g = 3*q - 32. What is the highest common divisor of 3 and q?
3
Let j be 18/(-4)*(-38 - -28). What is the greatest common factor of j and 60?
15
Suppose -w - 3*w + 4 = 0. Let x(o) = -2*o + 1. Let d be x(-1). Suppose 2*p + d*p - 55 = 0. What is the greatest common factor of w and p?
1
Let b be (-251)/(-2) + 5/(-20)*6. Let n = 140 + b. Calculate the greatest common factor of 33 and n.
33
Suppose 0 = -5*k + 5*o + 45, -4*o + 0*o - 15 = -k. What is the highest common factor of k and 56?
7
Let m = 146 - 217. Let h = 77 + m. Calculate the greatest common factor of h and 6.
6
Let y(f) = f**3 - 4*f**2 + 2*f - 4. Let w be y(4). Let r(k) = -6*k - 4. Let n = -10 + 4. Let z be r(n). What is the highest common factor of z and w?
4
Let l(v) be the first derivative of 1/2*v**2 - 6*v + 3 + 1/3*v**3. Let u be l(-11). Calculate the highest common factor of 13 and u.
13
Let g = -6180 - -6207. Suppose 121 = 5*p - 14. Calculate the greatest common divisor of p and g.
27
Suppose t = -23*t + 288. What is the greatest common divisor of 12 and t?
12
Let x be (-1)/(-2) - 27/(-2). Let p = -1 + x. Let i = 581 - 542. Calculate the greatest common divisor of p and i.
13
Suppose 0 = r - 3*p - 57, -3*r + p + 285 = 2*r. Let x = 134 - r. Calculate the highest common factor of 7 and x.
7
Let r be 11 + -7 + 17 + -2. Suppose 5*g + 29 + 103 = 4*t, -174 = -5*t + 4*g. Calculate the highest common divisor of r and t.
19
Let j(r) = -2*r + 2. Suppose 4*t + v = -20, -4*t + v + 0*v - 28 = 0. Let p be j(t). Suppose 0 = -a - 11 + p. Calculate the greatest common factor of a and 27.
3
Let o(a) = 9*a**3 - a**2 + 1. Let n be o(-1). Let p be (-102)/n*-3*-2. What is the highest common factor of p and 17?
17
Suppose -13*u = -2 + 210. Let z(t) = t**3 + 15*t**2 - 15*t + 38. Let n be z(u). Calculate the greatest common factor of n and 176.
22
Suppose -4*q + 2030 = q - 2*a, -q + 4*a + 388 = 0. What is the greatest common factor of q and 17?
17
Suppose 0 = 10*c - 49*c + 3081. What is the highest common divisor of 632 and c?
79
Suppose -6*b = -7*b + 3. Let r be 6 - (b + 1 + -4). Suppose k - 9 = r. Calculate the highest common divisor of 105 and k.
15
Suppose -59*l + 54*l = -125. What is the highest common divisor of l and 800?
25
Let n = -244 - -325. Calculate the highest common factor of 351 and n.
27
Let o(y) = 28*y + 152. Let g be o(-5). What is the highest common factor of g and 28?
4
Let w be (-641)/(-4) + 2/(-8). Let y(s) = -29*s**2 - s. Let v be y(-1). Let k = v + 48. What is the highest common factor of w and k?
20
Suppose -5*o - 15 = 2*f, 16 = f - 2*o + 1. Let a(r) = -29*r - 13. Let s be a(-2). What is the greatest common factor of s and f?
5
Let h(a) = 17*a**3 + a**2 + a - 7. Let n be h(3). What is the greatest common divisor of 58 and n?
58
Suppose -5*m + 12 + 3 = 0. Suppose -28 = m*i - 7. Let f be (-4)/i - (-4953)/91. Calculate the greatest common divisor of 11 and f.
11
Let p be (-4)/(0 + (3 - 4)). Let u = 16 - p. Let a be (-3)/(-6)*1*u. What is the highest common divisor of 1 and a?
1
Let f(v) = -15*v + 24. Let o(k) = 22*k - 36. Let r(b) = -7*f(b) - 5*o(b). Let c be r(-8). Calculate the greatest common divisor of 13 and c.
13
Let u(m) = -m**3 + 33*m**2 - 19*m - 32. Let j be u(32). Calculate the greatest common divisor of j and 6.
6
Let l be (-250)/(-4) - (12/4)/6. Let r = l - 2. Calculate the highest common factor of 4 and r.
4
Let g be 2/(-3) + (-628)/(-6). Suppose 3 - 3 = -14*t. Suppose -v + g = -t*v. What is the greatest common divisor of v and 13?
13
Suppose 0 = z - 0*z - 25. Suppose 11*s - z = 6*s. Suppose -2*g + s*g - 126 = 0. Calculate the highest common divisor of 42 and g.
42
Suppose -5*r + 4 = -4*r. Suppose 0 = -5*n + 2*q + r, q - 3*q - 4 = n. Suppose 2*u - 4 - 16 = n. What is the highest common factor of 100 and u?
10
Let k = 103 - 71. Suppose -q + 4 - 1 = 0. Suppose -q*u = -4*u - 2*v + 40, -4*v - 144 = -5*u. What is the highest common divisor of k and u?
32
Let f = 44 -